{"id":221,"date":"2019-11-06T13:48:25","date_gmt":"2019-11-06T13:48:25","guid":{"rendered":"https:\/\/visindavika.fas.is\/?page_id=221"},"modified":"2020-10-23T11:59:56","modified_gmt":"2020-10-23T11:59:56","slug":"aevintyraferdamennska","status":"publish","type":"page","link":"https:\/\/visindavika.fas.is\/?page_id=221","title":{"rendered":"\u00c6vint\u00fdrafer\u00f0amennska"},"content":{"rendered":"<p>\u00c6vint\u00fdrafer\u00f0amennska \u00ed Skaft\u00e1rhreppi<\/p>\n<p>Vi\u00f0fangsefni\u00f0 var n\u00fat\u00edmasaga \u00e6vint\u00fdrafer\u00f0amennsku \u00ed Skaft\u00e1rhreppi og voru n\u00fdungar \u00e1 \u00fev\u00ed svi\u00f0i sko\u00f0a\u00f0ar \u00ed tengslum vi\u00f0 frumkv\u00e6\u00f0i einstaklinga og starfsemi Vatnaj\u00f6kuls\u00fej\u00f3\u00f0gar\u00f0s.<\/p>\n<p>Leitast var vi\u00f0 a\u00f0 f\u00e1 starfandi a\u00f0ila \u00ed greininni til a\u00f0 hitta nemendur og r\u00e6\u00f0a vi\u00f0 \u00fe\u00e1 um efni\u00f0.<\/p>\n<p><iframe loading=\"lazy\" width=\"560\" height=\"315\" src=\"https:\/\/www.youtube.com\/embed\/w85xcCYdIpw\" frameborder=\"0\" allow=\"accelerometer; autoplay; clipboard-write; encrypted-media; gyroscope; picture-in-picture\" allowfullscreen><\/iframe><\/p>\n","protected":false},"excerpt":{"rendered":"<p>\u00c6vint\u00fdrafer\u00f0amennska \u00ed Skaft\u00e1rhreppi Vi\u00f0fangsefni\u00f0 var n\u00fat\u00edmasaga \u00e6vint\u00fdrafer\u00f0amennsku \u00ed Skaft\u00e1rhreppi og voru n\u00fdungar \u00e1 \u00fev\u00ed svi\u00f0i sko\u00f0a\u00f0ar \u00ed tengslum vi\u00f0 frumkv\u00e6\u00f0i einstaklinga og starfsemi Vatnaj\u00f6kuls\u00fej\u00f3\u00f0gar\u00f0s. Leitast var vi\u00f0 a\u00f0 f\u00e1 starfandi a\u00f0ila \u00ed greininni til a\u00f0 hitta nemendur og r\u00e6\u00f0a vi\u00f0 \u00fe\u00e1 um efni\u00f0.<\/p>\n","protected":false},"author":1,"featured_media":0,"parent":210,"menu_order":0,"comment_status":"closed","ping_status":"closed","template":"","meta":{"footnotes":"","_links_to":"","_links_to_target":""},"_links":{"self":[{"href":"https:\/\/visindavika.fas.is\/index.php?rest_route=\/wp\/v2\/pages\/221"}],"collection":[{"href":"https:\/\/visindavika.fas.is\/index.php?rest_route=\/wp\/v2\/pages"}],"about":[{"href":"https:\/\/visindavika.fas.is\/index.php?rest_route=\/wp\/v2\/types\/page"}],"author":[{"embeddable":true,"href":"https:\/\/visindavika.fas.is\/index.php?rest_route=\/wp\/v2\/users\/1"}],"replies":[{"embeddable":true,"href":"https:\/\/visindavika.fas.is\/index.php?rest_route=%2Fwp%2Fv2%2Fcomments&post=221"}],"version-history":[{"count":3,"href":"https:\/\/visindavika.fas.is\/index.php?rest_route=\/wp\/v2\/pages\/221\/revisions"}],"predecessor-version":[{"id":283,"href":"https:\/\/visindavika.fas.is\/index.php?rest_route=\/wp\/v2\/pages\/221\/revisions\/283"}],"up":[{"embeddable":true,"href":"https:\/\/visindavika.fas.is\/index.php?rest_route=\/wp\/v2\/pages\/210"}],"wp:attachment":[{"href":"https:\/\/visindavika.fas.is\/index.php?rest_route=%2Fwp%2Fv2%2Fmedia&parent=221"}],"curies":[{"name":"wp","href":"https:\/\/api.w.org\/{rel}","templated":true}]}}